{"id":1515,"date":"2024-01-30T21:57:50","date_gmt":"2024-01-31T00:57:50","guid":{"rendered":"https:\/\/cidadesantigo.cbcs.org.br\/?page_id=1515"},"modified":"2024-02-17T11:26:02","modified_gmt":"2024-02-17T14:26:02","slug":"capacitacao-em-ef-energetica-rj","status":"publish","type":"page","link":"https:\/\/cidadesantigo.cbcs.org.br\/r\/?page_id=1515","title":{"rendered":"Capacita\u00e7\u00e3o em EF. Energ\u00e9tica &#8211; RJ"},"content":{"rendered":"<\/div><\/div><\/div><!-- close content main div --><\/div><\/div><div id='welcome' class='av-layout-grid-container entry-content-wrapper main_color av-fixed-cells    container_wrap sidebar_right'   >\n<div class=\"flex_cell no_margin av_one_fourth   av-zero-padding \" style='height:15px; min-height:15px;background: #95c11f; vertical-align:top; padding:0px; background-color:#95c11f; '><div class='flex_cell_inner' ><\/div><\/div><div class=\"flex_cell no_margin av_one_fourth   av-zero-padding \" style='height:15px; min-height:15px;background: #51788e; vertical-align:top; padding:0px; background-color:#51788e; '><div class='flex_cell_inner' ><\/div><\/div><div class=\"flex_cell no_margin av_one_fourth   av-zero-padding \" style='height:15px; min-height:15px;background: #88bde8; vertical-align:top; padding:0px; background-color:#88bde8; '><div class='flex_cell_inner' ><\/div><\/div><div class=\"flex_cell no_margin av_one_fourth   av-zero-padding \" style='height:15px; min-height:15px;background: #d4e5f7; vertical-align:top; padding:0px; background-color:#d4e5f7; '><div class='flex_cell_inner' ><\/div><\/div>\n<\/div>\n<div class=\"flex_column av_one_half  flex_column_div av-zero-column-padding first  \" style='border-radius:0px; '><p><div style='padding-bottom:30px; font-size:32px;' class='av-special-heading av-special-heading-h1  blockquote modern-quote   av-inherit-size '><h1 class='av-special-heading-tag '  itemprop=\"headline\"  > <u>Capacita\u00e7\u00e3o em Efici\u00eancia Energ\u00e9tica<\/u><\/h1><div class='special-heading-border'><div class='special-heading-inner-border' ><\/div><\/div><\/div><br \/>\n<section class=\"av_textblock_section \"  itemscope=\"itemscope\" itemtype=\"https:\/\/schema.org\/CreativeWork\" ><div class='avia_textblock  '   itemprop=\"text\" ><p>Documenta\u00e7\u00e3o resultante de a\u00e7\u00f5es que incluem: Capacita\u00e7\u00e3o em Efici\u00eancia Energ\u00e9tica, realiza\u00e7\u00e3o de Gincanas Energ\u00e9ticas em edif\u00edcios p\u00fablicos da Prefeitura da Cidade do Rio de Janeiro e pesquisa-diagn\u00f3stico do consumo de energia e \u00e1gua nas escolas do munic\u00edpio do Rio de Janeiro.<\/p>\n<\/div><\/section><br \/>\n<div style='height:25px' class='hr hr-invisible  '><span class='hr-inner ' ><span class='hr-inner-style'><\/span><\/span><\/div><br \/>\n<section class=\"av_textblock_section \"  itemscope=\"itemscope\" itemtype=\"https:\/\/schema.org\/CreativeWork\" ><div class='avia_textblock  '   itemprop=\"text\" ><ul>\n<li>Capacita\u00e7\u00e3o em Efici\u00eancia Energ\u00e9tica:<\/li>\n<\/ul>\n<p><a href=\"https:\/\/cidadesantigo.cbcs.org.br\/wp-content\/uploads\/2024\/02\/CAPACITA\u00c7\u00c3O-EE-RJ_FINAL-1_compressed.pdf\">Capacita\u00e7\u00e3o em Efici\u00eancia Energ\u00e9tica &#8211; PCRJ<\/a><\/p>\n<\/div><\/section><br \/>\n<div style='height:25px' class='hr hr-invisible  '><span class='hr-inner ' ><span class='hr-inner-style'><\/span><\/span><\/div><br \/>\n<section class=\"av_textblock_section \"  itemscope=\"itemscope\" itemtype=\"https:\/\/schema.org\/CreativeWork\" ><div class='avia_textblock  '   itemprop=\"text\" ><ul>\n<li>Gincanas Energ\u00e9ticas:<\/li>\n<\/ul>\n<p><a href=\"https:\/\/cidadesantigo.cbcs.org.br\/wp-content\/uploads\/2024\/02\/CBCS_CIDADES-EFICIENTES_PCRJ_Gincanas_Energ\u00e9ticas_RIVADAVIA_compressed.pdf\">Gincana Energ\u00e9tica &#8211; Escola Rivadavia Correa<\/a><\/p>\n<p><a href=\"https:\/\/cidadesantigo.cbcs.org.br\/wp-content\/uploads\/2024\/02\/CBCS_CIDADES-EFICIENTES_PCRJ_Gincanas_Energ\u00e9ticas_IVISA.pdf\">Gincana Energ\u00e9tica &#8211; Edif\u00edcio Sede do Instituto Municipal de Vigil\u00e2ncia Sanit\u00e1ria &#8211; IVISA<\/a><\/p>\n<\/div><\/section><br \/>\n<div style='height:25px' class='hr hr-invisible  '><span class='hr-inner ' ><span class='hr-inner-style'><\/span><\/span><\/div><br \/>\n<div style='height:25px' class='hr hr-invisible  '><span class='hr-inner ' ><span class='hr-inner-style'><\/span><\/span><\/div><br \/>\n<section class=\"av_textblock_section \"  itemscope=\"itemscope\" itemtype=\"https:\/\/schema.org\/CreativeWork\" ><div class='avia_textblock  '   itemprop=\"text\" ><ul>\n<li>Pesquisa-diagn\u00f3stico realizada nas escolas municipais da Cidade do Rio de Janeiro:<\/li>\n<\/ul>\n<p><a href=\"https:\/\/cidadesantigo.cbcs.org.br\/wp-content\/uploads\/2024\/02\/CBCS_CIDADES-EFICIENTES_PCRJ_Pesquisa-escolas_compressed.pdf\">Pesquisa-diagn\u00f3stico <\/a><\/p>\n<\/div><\/section><\/p><\/div><div class=\"flex_column av_one_half  flex_column_div av-zero-column-padding   \" style='border-radius:0px; '><section class=\"av_textblock_section \"  itemscope=\"itemscope\" itemtype=\"https:\/\/schema.org\/CreativeWork\" ><div class='avia_textblock  '   itemprop=\"text\" ><p style=\"text-align: left;\">Adesivos utilizados nas Gincanas Energ\u00e9ticas na Cidade do Rio de Janeiro:<\/p>\n<\/div><\/section><br \/>\n<div class='avia-image-container  av-styling-    avia-align-center '  itemprop=\"ImageObject\" itemscope=\"itemscope\" itemtype=\"https:\/\/schema.org\/ImageObject\"  ><div class='avia-image-container-inner'><div class='avia-image-overlay-wrap'><img class='avia_image ' src='https:\/\/cidadesantigo.cbcs.org.br\/wp-content\/uploads\/2024\/01\/adesivos.jpg' alt='' title='adesivos' height=\"592\"width=\"588\"  itemprop=\"thumbnailUrl\"  \/><\/div><\/div><\/div><br \/>\n<div style='height:25px' class='hr hr-invisible  '><span class='hr-inner ' ><span class='hr-inner-style'><\/span><\/span><\/div><br \/>\n<section class=\"av_textblock_section \"  itemscope=\"itemscope\" itemtype=\"https:\/\/schema.org\/CreativeWork\" ><div class='avia_textblock  '   itemprop=\"text\" ><p>Download dos adesivos:<\/p>\n<p><a href=\"https:\/\/cidadesantigo.cbcs.org.br\/wp-content\/uploads\/2022\/07\/ilovepdf_merged.pdf\">Adesivos das Gincanas Energ\u00e9ticas \u2013 Programa Cidades Eficientes<\/a><\/p>\n<\/div><\/section><\/p><\/div><\/p>\n<\/div><\/div><\/div><!-- close content main div --><\/div><\/div><div id='welcome' class='av-layout-grid-container entry-content-wrapper main_color av-fixed-cells    container_wrap sidebar_right'   >\n<div class=\"flex_cell no_margin av_one_fourth   av-zero-padding \" style='height:15px; min-height:15px;background: #95c11f; vertical-align:top; padding:0px; background-color:#95c11f; '><div class='flex_cell_inner' ><\/div><\/div><div class=\"flex_cell no_margin av_one_fourth   av-zero-padding \" style='height:15px; min-height:15px;background: #51788e; vertical-align:top; padding:0px; background-color:#51788e; '><div class='flex_cell_inner' ><\/div><\/div><div class=\"flex_cell no_margin av_one_fourth   av-zero-padding \" style='height:15px; min-height:15px;background: #88bde8; vertical-align:top; padding:0px; background-color:#88bde8; '><div class='flex_cell_inner' ><\/div><\/div><div class=\"flex_cell no_margin av_one_fourth   av-zero-padding \" style='height:15px; min-height:15px;background: #d4e5f7; vertical-align:top; padding:0px; background-color:#d4e5f7; '><div class='flex_cell_inner' ><\/div><\/div>\n<\/div>\n","protected":false},"excerpt":{"rendered":"","protected":false},"author":1,"featured_media":0,"parent":0,"menu_order":0,"comment_status":"closed","ping_status":"closed","template":"","meta":{"footnotes":""},"_links":{"self":[{"href":"https:\/\/cidadesantigo.cbcs.org.br\/r\/index.php?rest_route=\/wp\/v2\/pages\/1515"}],"collection":[{"href":"https:\/\/cidadesantigo.cbcs.org.br\/r\/index.php?rest_route=\/wp\/v2\/pages"}],"about":[{"href":"https:\/\/cidadesantigo.cbcs.org.br\/r\/index.php?rest_route=\/wp\/v2\/types\/page"}],"author":[{"embeddable":true,"href":"https:\/\/cidadesantigo.cbcs.org.br\/r\/index.php?rest_route=\/wp\/v2\/users\/1"}],"replies":[{"embeddable":true,"href":"https:\/\/cidadesantigo.cbcs.org.br\/r\/index.php?rest_route=%2Fwp%2Fv2%2Fcomments&post=1515"}],"version-history":[{"count":0,"href":"https:\/\/cidadesantigo.cbcs.org.br\/r\/index.php?rest_route=\/wp\/v2\/pages\/1515\/revisions"}],"wp:attachment":[{"href":"https:\/\/cidadesantigo.cbcs.org.br\/r\/index.php?rest_route=%2Fwp%2Fv2%2Fmedia&parent=1515"}],"curies":[{"name":"wp","href":"https:\/\/api.w.org\/{rel}","templated":true}]}}