{"id":1224,"date":"2022-06-15T15:07:35","date_gmt":"2022-06-15T18:07:35","guid":{"rendered":"https:\/\/cidadesantigo.cbcs.org.br\/?page_id=1224"},"modified":"2022-06-24T22:41:08","modified_gmt":"2022-06-25T01:41:08","slug":"municipios-catarinenses","status":"publish","type":"page","link":"https:\/\/cidadesantigo.cbcs.org.br\/r\/?page_id=1224","title":{"rendered":"Munic\u00edpios Catarinenses"},"content":{"rendered":"<\/div><\/div><\/div><!-- close content main div --><\/div><\/div><div id='welcome' class='av-layout-grid-container entry-content-wrapper main_color av-fixed-cells    container_wrap sidebar_right'   >\n<div class=\"flex_cell no_margin av_one_fourth   av-zero-padding \" style='height:15px; min-height:15px;background: #95c11f; vertical-align:top; padding:0px; background-color:#95c11f; '><div class='flex_cell_inner' ><\/div><\/div><div class=\"flex_cell no_margin av_one_fourth   av-zero-padding \" style='height:15px; min-height:15px;background: #51788e; vertical-align:top; padding:0px; background-color:#51788e; '><div class='flex_cell_inner' ><\/div><\/div><div class=\"flex_cell no_margin av_one_fourth   av-zero-padding \" style='height:15px; min-height:15px;background: #88bde8; vertical-align:top; padding:0px; background-color:#88bde8; '><div class='flex_cell_inner' ><\/div><\/div><div class=\"flex_cell no_margin av_one_fourth   av-zero-padding \" style='height:15px; min-height:15px;background: #d4e5f7; vertical-align:top; padding:0px; background-color:#d4e5f7; '><div class='flex_cell_inner' ><\/div><\/div>\n<\/div>\n<\/div><\/div><\/div><!-- close content main div --><\/div><\/div><div id='benchmarking' class='av-layout-grid-container entry-content-wrapper main_color av-flex-cells    container_wrap sidebar_right'   >\n<div class=\"flex_cell no_margin av_one_full   \" style='background: #ffffff; vertical-align:top; padding:30px; background-color:#ffffff; '><div class='flex_cell_inner' ><div class=\"flex_column av_one_full  av-animated-generic top-to-bottom  flex_column_div first  \" style='padding:0px 10% 0px 10% ; border-radius:0px; '><p><div style='padding-bottom:10px; color:#4b788b;font-size:42px;' class='av-special-heading av-special-heading-h2 custom-color-heading blockquote modern-quote   av-inherit-size '><h2 class='av-special-heading-tag '  itemprop=\"headline\"  >Munic\u00edpios Catarinenses<\/h2><div class='special-heading-border'><div class='special-heading-inner-border' style='border-color:#4b788b'><\/div><\/div><\/div><br \/>\n<div style='padding-bottom:10px; color:#4b788b;font-size:35px;' class='av-special-heading av-special-heading-h2 custom-color-heading blockquote modern-quote   av-inherit-size '><h2 class='av-special-heading-tag '  itemprop=\"headline\"  >2021<\/h2><div class='special-heading-border'><div class='special-heading-inner-border' style='border-color:#4b788b'><\/div><\/div><\/div><br \/>\n<div style='height:50px' class='hr hr-invisible  '><span class='hr-inner ' ><span class='hr-inner-style'><\/span><\/span><\/div><br \/>\n<section class=\"av_textblock_section \"  itemscope=\"itemscope\" itemtype=\"https:\/\/schema.org\/CreativeWork\" ><div class='avia_textblock  av_inherit_color '  style='color:#4b788b; '  itemprop=\"text\" ><div>No segundo semestre de 2021 foi realizado um workshop online piloto com munic\u00edpios catarinenses.<\/div>\n<div><\/div>\n<div><\/div>\n<div>\n<p>OBJETIVO:<\/p>\n<ul>\n<li style=\"font-weight: 400;\">organiza\u00e7\u00e3o das contas p\u00fablicas e efici\u00eancia no uso dos recursos p\u00fablicos;<\/li>\n<li style=\"font-weight: 400;\">capacita\u00e7\u00e3o do poder p\u00fablico na identifica\u00e7\u00e3o de oportunidades de efici\u00eancia energ\u00e9tica e de redu\u00e7\u00e3o das emiss\u00f5es de gases de efeito estufa associadas;<\/li>\n<li style=\"font-weight: 400;\">capacita\u00e7\u00e3o t\u00e9cnica dos agentes p\u00fablicos;<\/li>\n<li style=\"font-weight: 400;\">embasamento para formula\u00e7\u00e3o de pol\u00edticas p\u00fablicas relacionadas ao tema de efici\u00eancia energ\u00e9tica a n\u00edvel municipal fundamentadas em ganhos efetivos;<\/li>\n<li style=\"font-weight: 400;\">concretiza\u00e7\u00e3o e perenidade na aplica\u00e7\u00e3o das estrat\u00e9gias de gest\u00e3o de consumo de energia e \u00e1gua e na ado\u00e7\u00e3o de medidas de efici\u00eancia energ\u00e9tica nos edif\u00edcios p\u00fablicos municipais.<\/li>\n<\/ul>\n<\/div>\n<div>PER\u00cdODO: 10\/2021 a 12\/2021<\/div>\n<div><\/div>\n<div><\/div>\n<div><\/div>\n<div><\/div>\n<div><\/div>\n<div>METODOLOGIA:<\/div>\n<div><\/div>\n<div>\n<p>O\u00a0 workshop foi dividido em 3 oficinas:<\/p>\n<ol>\n<li style=\"font-weight: 400;\" aria-level=\"1\"><span style=\"font-weight: 400;\">Diagn\u00f3stico preliminar do consumo de energia no munic\u00edpio e conceitos de efici\u00eancia energ\u00e9tica.<\/span><\/li>\n<li style=\"font-weight: 400;\" aria-level=\"1\"><span style=\"font-weight: 400;\">Conceito de benchmarking e uso da plataforma DEO em uma edifica\u00e7\u00e3o do munic\u00edpio elegida.<\/span><\/li>\n<li style=\"font-weight: 400;\" aria-level=\"1\"><span style=\"font-weight: 400;\">Conceitos e medidas de efici\u00eancia energ\u00e9tica e plano de a\u00e7\u00e3o.<\/span><\/li>\n<\/ol>\n<p>Em ap\u00f3s cada oficina realizada, os participantes desenvolveram uma atividade relacionada ao tema abordado.<\/p>\n<\/div>\n<div><\/div>\n<div>EQUIPES ENVOLVIDAS:<\/div>\n<div><\/div>\n<div>Prefeitura de Balne\u00e1rio Cambori\u00fa: Eng. Civ. Giovanni Pasquale Beninca, Eng. Civ. Jackson Rodrigo Vieira e Arq. Urb. Helvys Zermiani<\/div>\n<div>Prefeitura de Conc\u00f3rdia: Biol. Andressa Zanella, Eng.\u00a0Civ.\u00a0<span data-sheets-value=\"{\" data-sheets-userformat=\"{\">Jeniffer Carolina Tasca Anzanello Magarinos, Arq. Urb. Cristhiele Kuhn Vendrusculo, Arq. Urb. Patricia Paza e Eng. Elet. Jonas Toigo Bittencourt<\/span><\/div>\n<div>Prefeitura de It\u00e1: Eng. Civ. Marta Bender Sartorello,\u00a0Eng. Civ. Renato Vailon, Fisc. obras\u00a0Chaiane e Fisc. obras Ezequiel,\u00a0Jucimar Zotti e Franciele.<\/div>\n<div>Prefeitura de Zort\u00e9a: Diretora de Planejamento Mari\u00e2ngela Oneda Mello.<\/div>\n<div><\/div>\n<\/div><\/section><br \/>\n<div style=' margin-top:30px; margin-bottom:30px;'  class='hr hr-custom hr-center hr-icon-no  '><span class='hr-inner   inner-border-av-border-fat' style=' width:50px; border-color:#95c11f;' ><span class='hr-inner-style'><\/span><\/span><\/div><\/p><\/div>\n<\/div><\/div>\n<\/div>\n<\/div><\/div><\/div><!-- close content main div --><\/div><\/div><div id='av-layout-grid-3' class='av-layout-grid-container entry-content-wrapper main_color av-flex-cells    container_wrap sidebar_right'   >\n<div class=\"flex_cell no_margin av_one_fourth   \" style='background: #51788e; vertical-align:top; padding:10px; background-color:#51788e; '><div class='flex_cell_inner' ><div class='avia-image-container  av-styling-  noHover  av-overlay-hover-deactivate   avia-align-center '  itemprop=\"ImageObject\" itemscope=\"itemscope\" itemtype=\"https:\/\/schema.org\/ImageObject\"  ><div class='avia-image-container-inner'><div class='avia-image-overlay-wrap'><a href='https:\/\/cidadesantigo.cbcs.org.br\/r\/?page_id=900' class='avia_image'  ><div class='av-image-caption-overlay'><div class='av-caption-image-overlay-bg' style='opacity:0.4; background-color:#000000; '><\/div><div class='av-image-caption-overlay-position'><div class='av-image-caption-overlay-center' style='color:#ffffff; font-size:20px; '><p>Florian\u00f3polis &#8211; SC<\/p>\n<\/div><\/div><\/div><img class='avia_image ' src='https:\/\/cidadesantigo.cbcs.org.br\/wp-content\/uploads\/2016\/05\/66-Florianopolis_5-495x400.jpg' alt='' title='66 - Florianopolis_5'  itemprop=\"thumbnailUrl\"  \/><\/a><\/div><\/div><\/div>\n<\/div><\/div><div class=\"flex_cell no_margin av_one_fourth   \" style='background: #51788e; vertical-align:top; padding:10px; background-color:#51788e; '><div class='flex_cell_inner' ><div class='avia-image-container  av-styling-  noHover  av-overlay-hover-deactivate   avia-align-center '  itemprop=\"ImageObject\" itemscope=\"itemscope\" itemtype=\"https:\/\/schema.org\/ImageObject\"  ><div class='avia-image-container-inner'><div class='avia-image-overlay-wrap'><a href='https:\/\/cidadesantigo.cbcs.org.br\/r\/?page_id=920' class='avia_image'  ><div class='av-image-caption-overlay'><div class='av-caption-image-overlay-bg' style='opacity:0.4; background-color:#000000; '><\/div><div class='av-image-caption-overlay-position'><div class='av-image-caption-overlay-center' style='color:#ffffff; font-size:20px; '><p>Jaboat\u00e3o dos Guararapes &#8211; PE<\/p>\n<\/div><\/div><\/div><img class='avia_image ' src='https:\/\/cidadesantigo.cbcs.org.br\/wp-content\/uploads\/2016\/05\/Praias-de-Jaboata\u00cc\u0192o-dos-Guararapes-por-Toni-Abreu-1-495x400.jpg' alt='' title='Praias de Jaboat\u00e3o dos Guararapes'  itemprop=\"thumbnailUrl\"  \/><\/a><\/div><\/div><\/div>\n<\/div><\/div><div class=\"flex_cell no_margin av_one_fourth   \" style='background: #51788e; vertical-align:top; padding:10px; background-color:#51788e; '><div class='flex_cell_inner' ><div class='avia-image-container  av-styling-  noHover  av-overlay-hover-deactivate   avia-align-center '  itemprop=\"ImageObject\" itemscope=\"itemscope\" itemtype=\"https:\/\/schema.org\/ImageObject\"  ><div class='avia-image-container-inner'><div class='avia-image-overlay-wrap'><a href='https:\/\/cidadesantigo.cbcs.org.br\/r\/?page_id=930' class='avia_image'  ><div class='av-image-caption-overlay'><div class='av-caption-image-overlay-bg' style='opacity:0.4; background-color:#000000; '><\/div><div class='av-image-caption-overlay-position'><div class='av-image-caption-overlay-center' style='color:#ffffff; font-size:20px; '><p>Sorocaba &#8211; SP<\/p>\n<\/div><\/div><\/div><img class='avia_image ' src='https:\/\/cidadesantigo.cbcs.org.br\/wp-content\/uploads\/2016\/05\/sorocaba_2-495x400.jpg' alt='' title='sorocaba_2'  itemprop=\"thumbnailUrl\"  \/><\/a><\/div><\/div><\/div>\n<\/div><\/div><div class=\"flex_cell no_margin av_one_fourth   \" style='background: #51788e; vertical-align:top; padding:10px; background-color:#51788e; '><div class='flex_cell_inner' ><div class='avia-image-container  av-styling-  noHover  av-overlay-hover-deactivate   avia-align-center '  itemprop=\"ImageObject\" itemscope=\"itemscope\" itemtype=\"https:\/\/schema.org\/ImageObject\"  ><div class='avia-image-container-inner'><div class='avia-image-overlay-wrap'><a href='https:\/\/cidadesantigo.cbcs.org.br\/r\/?page_id=1203' class='avia_image'  ><div class='av-image-caption-overlay'><div class='av-caption-image-overlay-bg' style='opacity:0.4; background-color:#000000; '><\/div><div class='av-image-caption-overlay-position'><div class='av-image-caption-overlay-center' style='color:#ffffff; font-size:20px; '><p>Rio de Janeiro &#8211; RJ<\/p>\n<\/div><\/div><\/div><img class='avia_image ' src='https:\/\/cidadesantigo.cbcs.org.br\/wp-content\/uploads\/2022\/05\/RJ-2-495x400.jpg' alt='' title='Rio de Janeiro - RJ'  itemprop=\"thumbnailUrl\"  \/><\/a><\/div><\/div><\/div>\n<\/div><\/div><\/div><\/div><\/div><\/div><!-- close content main div --><\/div><\/div><div id='welcome' class='av-layout-grid-container entry-content-wrapper main_color av-fixed-cells    container_wrap sidebar_right'   >\n<div class=\"flex_cell no_margin av_one_fourth   av-zero-padding \" style='height:15px; min-height:15px;background: #95c11f; vertical-align:top; padding:0px; background-color:#95c11f; '><div class='flex_cell_inner' ><\/div><\/div><div class=\"flex_cell no_margin av_one_fourth   av-zero-padding \" style='height:15px; min-height:15px;background: #51788e; vertical-align:top; padding:0px; background-color:#51788e; '><div class='flex_cell_inner' ><\/div><\/div><div class=\"flex_cell no_margin av_one_fourth   av-zero-padding \" style='height:15px; min-height:15px;background: #88bde8; vertical-align:top; padding:0px; background-color:#88bde8; '><div class='flex_cell_inner' ><\/div><\/div><div class=\"flex_cell no_margin av_one_fourth   av-zero-padding \" style='height:15px; min-height:15px;background: #d4e5f7; vertical-align:top; padding:0px; background-color:#d4e5f7; '><div class='flex_cell_inner' ><\/div><\/div>\n<\/div><\/p>\n","protected":false},"excerpt":{"rendered":"<p>A\u00e7\u00f5es Recentes com munic\u00edpios catarinenses<\/p>\n","protected":false},"author":1,"featured_media":0,"parent":0,"menu_order":0,"comment_status":"closed","ping_status":"closed","template":"","meta":{"footnotes":""},"_links":{"self":[{"href":"https:\/\/cidadesantigo.cbcs.org.br\/r\/index.php?rest_route=\/wp\/v2\/pages\/1224"}],"collection":[{"href":"https:\/\/cidadesantigo.cbcs.org.br\/r\/index.php?rest_route=\/wp\/v2\/pages"}],"about":[{"href":"https:\/\/cidadesantigo.cbcs.org.br\/r\/index.php?rest_route=\/wp\/v2\/types\/page"}],"author":[{"embeddable":true,"href":"https:\/\/cidadesantigo.cbcs.org.br\/r\/index.php?rest_route=\/wp\/v2\/users\/1"}],"replies":[{"embeddable":true,"href":"https:\/\/cidadesantigo.cbcs.org.br\/r\/index.php?rest_route=%2Fwp%2Fv2%2Fcomments&post=1224"}],"version-history":[{"count":0,"href":"https:\/\/cidadesantigo.cbcs.org.br\/r\/index.php?rest_route=\/wp\/v2\/pages\/1224\/revisions"}],"wp:attachment":[{"href":"https:\/\/cidadesantigo.cbcs.org.br\/r\/index.php?rest_route=%2Fwp%2Fv2%2Fmedia&parent=1224"}],"curies":[{"name":"wp","href":"https:\/\/api.w.org\/{rel}","templated":true}]}}